culate d(p).
-5
Suppose -23 + 9 = -q. Let n = 12 - q. Let r(d) = -2*d**2 - d + 1. What is r(n)?
-5
Suppose -4*c + 6 = -3*c. Let o(u) = 1082*u**3 - 1 - 1083*u**3 + 4 + 5*u - 2*u**2 + 7*u**2. Give o(c).
-3
Let a(i) = 2*i - 3*i + 3*i - 8*i**2 + 4*i**2 - 2*i**2. Determine a(1).
-4
Let b(h) = -h**3 + 20*h - 7*h + 5*h**2 - 6*h + 1. What is b(6)?
7
Let p(i) be the third derivative of -i**4/8 - i**3/6 + 3*i**2. Let v(h) = -h**2 + 4*h + 30. Let l be v(8). Give p(l).
5
Let j be 6 + (-1 - 8/4) + 0. Let u(f) = 2*f - f**3 - 12*f - 1 + 4*f**j + 8*f. Determine u(-1).
-2
Let b(h) = 3*h**2 + 5*h - 4. Let d be (2 + (0 - -1))*1. Let p(j) = 4*j**2 + 6*j - 6. Let k(t) = d*b(t) - 2*p(t). Give k(-3).
0
Suppose 33 - 39 = -3*i. Let s(q) be the second derivative of 0*q**2 + 2*q + 0 + 1/2*q**3. Calculate s(i).
6
Let g be (-1)/1 - (-2 + 1). Let m(o) = -49*o**3 + 14 + 50*o**3 - o**2 + 2*o**2 - 1 - 35. What is m(g)?
-22
Let m(z) = -15*z**3 + 5*z - 7. Let o(b) = -16*b**3 + 6*b - 8. Let s be (-4)/10 - (215/25 + -3). Let a(g) = s*o(g) + 7*m(g). Determine a(-1).
9
Let n(r) be the second derivative of r**5/20 - 3*r**4/4 + r**3/2 + 5*r**2 + 361*r. What is n(8)?
-30
Let t be (-6)/(-4)*2100/63. Let g = 49 - t. Let u(f) = 8*f**3 + 2*f**2 + f. Calculate u(g).
-7
Let y(a) = -a**2 + 1. Let c be (68/306)/((-1)/(-9)). Calculate y(c).
-3
Let i(b) = -169 - b - 2*b + 170. Give i(-7).
22
Suppose 0 = 3*p + 12, 2*s - 44 = p + 4*p. Let d be 4*3/s*4. Suppose -d*v = -9*v - 30. Let n(z) = z**2 + 3*z - 4. What is n(v)?
14
Let m(p) = p**3 - 12*p**2 + 13*p. Let t = -566 + 577. Calculate m(t).
22
Let b(w) = -6*w**3 - w**2 + w + 1. Let o(g) = -g**3 - 18*g**2 + 61*g - 43. Let a be o(-21). Give b(a).
5
Let f(c) = 2*c**3 - 22*c**2 - 3*c + 39. Let m be f(11). Let y(q) = -q**2 + 10*q - 19. Calculate y(m).
5
Let s(p) = -2*p - 4. Let u be (-1 + (-3)/(-2))*(11 + 1). Suppose u = -5*a - 9. What is s(a)?
2
Let y(r) = -r. Let o(q) = -7*q. Let d(j) = -o(j) + 6*y(j). Let p(s) = -s - 11. Let k be p(-14). Suppose -5*m = -4*i - 7 - 3, 0 = k*m - 5*i - 19. Determine d(m).
-2
Let q(u) be the third derivative of u**6/720 - u**5/30 - 7*u**4/12 + 13*u**2. Let g(m) be the second derivative of q(m). Give g(3).
-1
Let u be 3/(-15) - 192/(-10). Let d = u - 22. Let s(l) = -l**2 - 2*l - 1. What is s(d)?
-4
Let l(b) = 3*b + 24. Suppose 2*y - 4*o + 8 = 0, -3*y + 2*o - 12 = -2*o. Let u(f) = 2*f + 13. Let k(j) = y*l(j) + 7*u(j). Calculate k(4).
3
Let h(x) = -x + 1. Let s(j) = -64*j - 310. Let d be s(-5). Calculate h(d).
-9
Let k(n) = 19*n**2 - 6*n. Let d(j) = 4*j**2 - j. Let b(l) = 11*d(l) - 2*k(l). Suppose -4*g - 138 = -54. Let u = g + 22. Determine b(u).
7
Let t(k) = -22 + 77*k + 85*k + 83*k - 241*k. Determine t(7).
6
Let n(z) = z + 22 - 18 - 6*z - 4*z + 0*z. Give n(2).
-14
Let z(f) be the second derivative of -f**3/6 + f**2/2 + 47*f - 2. Let t(m) be the second derivative of m**3/6 + 3*m**2 + 3*m. Let s be t(-4). Determine z(s).
-1
Let y(l) = 2*l**2 - 16*l**3 + 3*l - 1 + 23*l**3 + 0*l**2 - 8*l**3. Determine y(3).
-1
Let f(b) = b - 3. Let a be f(-4). Let d(i) = -i**2 - 6*i + 6. Calculate d(a).
-1
Let h(u) = 2*u**2 - 4*u - 5. Suppose -14*m + 50 + 6 = 0. Calculate h(m).
11
Suppose 4 = 4*a - 4, 3*j - 4*a = 1. Let h(r) = 13*r**2 + 2*r + 18. Let f(u) = 28*u**2 + 5*u + 39. Let t(v) = -6*f(v) + 13*h(v). Give t(j).
-3
Let u be -2 - 7/(-3) - 11/33. Let l(m) be the first derivative of m**3/6 + m - 1. Let f(p) be the first derivative of l(p). Calculate f(u).
0
Let j(s) be the first derivative of -1/2*s**2 - 4*s + 1/4*s**4 + 27 + 2*s**3. Suppose -16 = 3*c + 2. What is j(c)?
2
Let r(i) = -27*i + 18. Let o(f) = -76*f + 54. Let d(t) = 6*o(t) - 17*r(t). What is d(-14)?
-24
Let r(c) = 11*c + 15. Let p(n) = n**3 + 2*n**2 - 27*n + 50. Let z be p(-7). Calculate r(z).
-51
Let y(p) = p + 17 - 13 - 29 + 21. Calculate y(15).
11
Let z(p) = -p**2 + 6*p - 1. Let i(y) = -y**3 + 3*y**2 + 13*y - 15. Let h be i(5). Suppose h = -7*r + 21. What is z(r)?
8
Let p = 44 + -42. Let v be (-51)/(-9) - 3/(-9). Let z(y) = 3*y - v*y + 2*y + 1. Give z(p).
-1
Let g(y) = y**2 + 20*y + 15*y + y**3 + 0*y**2 - 57*y - 6 + 15*y. What is g(-5)?
-71
Let b be -46*(-5 - (-85)/10). Let g = 156 + b. Let j(l) = l**3 + 4*l**2 - 6*l - 6. Calculate j(g).
-1
Let x(n) = -11*n**3 - 6*n**2 - 25*n + 6. Let u be (-6)/(-21) - (-712)/56. Let i(g) = -5*g**3 - 3*g**2 - 12*g + 3. Let h(o) = u*i(o) - 6*x(o). Calculate h(4).
-5
Let q = -335/6 - -56. Let r(y) be the second derivative of 1/2*y**2 - q*y**3 + 1/12*y**4 - y + 0. Calculate r(1).
1
Let c(x) be the first derivative of -x**3/3 - 2*x**2 + 4*x + 85. Calculate c(-4).
4
Let d(w) = -w**3 + 1 + 13*w**2 + 2 - 5*w**2 + 0 - 7*w. Let l be d(7). Suppose 2*m - 7 = 3*t, 0 = 3*t - l*m + 4 + 8. Let c(b) = -6*b**2 - b. Calculate c(t).
-7
Let n be (-2)/((9/6)/3). Let x be n*(5/2 + -3). Let q(m) = m**3 + 37 + m - 39 - 2*m**2 + 4*m**x. What is q(-2)?
-4
Let a(z) = -2*z + 50. Let r(g) = -g + 28. Let w(f) = 6*a(f) - 11*r(f). What is w(-4)?
-4
Suppose -2*r + 5*h = r + 4, 0 = -4*r - 5*h + 18. Let x be (2 - r)/3*-1. Let z(k) be the second derivative of k**4/12 - k**2/2 + k. Calculate z(x).
-1
Let m = -121 - -113. Let f(z) be the first derivative of z**2/2 + 4. Calculate f(m).
-8
Let z(u) = -2*u**2 + u - 15. Let n(c) = -c + 16. Let i be n(14). Let f(t) = 8 + 3*t**2 - t + 3*t**i - 5*t**2. Let y(v) = 5*f(v) + 3*z(v). Determine y(-4).
-13
Let m(l) = 2*l - 47. Let c(n) = -n + 24. Let o(q) = -11*c(q) - 6*m(q). What is o(18)?
0
Let g(o) = o**3 + 8*o**2 + o + 6. Let w(z) = -3*z**3 - 26*z**2 - 2*z - 18. Let h(t) = -7*g(t) - 2*w(t). Calculate h(-4).
6
Let a(u) = -u + 1. Let t(b) = -3*b + 7. Suppose 4*h = 8*h - 4. Let w(p) = h*t(p) - 5*a(p). Calculate w(-2).
-2
Let l = 34 + -25. Let o(n) = -n + 4. Calculate o(l).
-5
Let k(f) be the second derivative of 55*f**3/6 - f**2 - 496*f. Calculate k(1).
53
Let q(j) = -5*j + 2. Let n be q(0). Let h(d) = n + 0 - 2 - d - 3. Calculate h(5).
-8
Let f(p) = p + 2. Suppose -5*l + 5*j - 8 = 7, -2*j + 10 = -3*l. Calculate f(l).
-2
Let g(v) = -2*v + 7 + v**3 - 4*v**2 - v - 5*v + 3*v. Calculate g(5).
7
Let d(v) = v**3 - 4*v**2 + v + 1. Let f(c) = c**3 + 12*c**2 - 30*c - 24. Let p be f(-14). Calculate d(p).
5
Let b be 9*((-618)/54 - -12). Let k(j) = 4*j - 3 - 2*j + 5*j - j. What is k(b)?
27
Let q(o) = -3*o**2 + o**3 - 3*o + 3 - 6 + 2*o. Let k = 661 - 658. Determine q(k).
-6
Suppose -4*s = -2*p - 2 - 14, 5*s - 5*p - 25 = 0. Let b(k) = -9 + 0*k**2 - 11*k**3 - 6*k - 6*k**2 + 10*k**s + 2*k**3. Calculate b(7).
-2
Let q(c) = 4*c**2 + 4*c - 2. Let f be q(-2). Suppose 0 = -3*i - 12 + f. Let n be i/3 - 8/6. Let u(k) = -k**3 - 2*k**2 + 1. Give u(n).
1
Let t(q) = -4*q. Let h = -4 + 8. Suppose 0 = 5*x - 4*u - 50, x = h*u - 3 + 13. Suppose -3*b - 5 = c - 1, 0 = -5*c + x. Give t(b).
8
Let t(u) = -u. Let i(v) = v**2 - 4*v - 2. Let b(a) = a**3 - 5*a**2 - 6*a + 1. Let z be b(6). Let g(k) = z*i(k) + 2*t(k). Let y = -14421 + 14428. Calculate g(y).
5
Suppose -2 = 2*n - 6. Let m(b) = -5 - 6*b + 6*b + 4*b**2 - 5*b**n + 7*b. Calculate m(6).
1
Let x(b) be the third derivative of -b**4/12 - b**3/3 + 526*b**2. What is x(0)?
-2
Let q(w) be the second derivative of w**3/2 + 35*w**2/2 + 496*w. Give q(-10).
5
Suppose 0 = -55*v + 38*v - 170. Let o(z) = z**2 + 10*z - 8. Determine o(v).
-8
Let g(r) = -2*r**2 + 16*r + 3. Let p(t) = 5*t**2 - 28*t - 6. Let c(u) = 5*g(u) + 3*p(u). Determine c(-1).
6
Suppose -3 = -2*u - 11. Let q(y) = -35 - 3 + 34 - y. What is q(u)?
0
Let c(l) = -l**2 + 3*l + 6. Let j be c(4). Suppose -5*t + 17 = -3*x - 7, -x - 9 = -j*t. Let k(g) = 10*g - 3. Give k(t).
27
Let j(m) = -m**2 + 2*m + 1. Let b = 109 + -103. Give j(b).
-23
Let x(w) = -6*w**2 - w. Let v(s) = -35*s**2 - 18*s + 6. Let a(m) = -v(m) + 6*x(m). Give a(11).
5
Suppose 4*g + g + 2*p + 43 = 0, 3*p - 23 = 5*g. Let s(h) be the first derivative of -h**3/3 - 7*h**2/2 - 3*h + 4. Calculate s(g).
-3
Suppose -3*a = 2*q + 2*q + 27, 25 = -5*a. Let r(h) = -7*h - 4. What is r(q)?
17
Let o(u) be the second derivative of -u**3/6 - 4*u**2 + 22*u. Let w = 69 - 69. Calculate o(w).
-8
Let t(v) = v**3 - v + 2. Suppose -5*h = 2*z - 6, 4*z - 14 + 24 = h. Determine t(z).
-4
Suppose -2*l - l + 9 = 0. Let s(p) = 2*p**2 - p + 1. Let t(c) = -c**2 - 2. Let x(m) = -2*s(m) - 3*t(m). Calculate x(l).
1
Let w(s) = 262 - 3*s + 254 - 53